alculate the greatest common divisor of 429 and 3978.
39
Calculate the highest common divisor of 76 and 473195.
19
Calculate the greatest common factor of 69602 and 26.
26
Calculate the highest common factor of 5229 and 147.
21
What is the highest common divisor of 1476 and 1825566?
246
Calculate the greatest common divisor of 62 and 349897.
31
Calculate the highest common divisor of 5020 and 340.
20
What is the highest common divisor of 5 and 7985?
5
What is the greatest common divisor of 14784 and 13112?
88
What is the greatest common factor of 172 and 121388?
4
What is the highest common divisor of 54 and 236?
2
What is the highest common divisor of 160 and 31840?
160
Calculate the highest common factor of 4978 and 2882.
262
Calculate the highest common factor of 192 and 6852.
12
What is the greatest common divisor of 17039 and 1177?
11
What is the greatest common divisor of 100 and 20740?
20
What is the highest common divisor of 160 and 62880?
160
Calculate the greatest common divisor of 1197 and 4698624.
399
What is the greatest common divisor of 7496 and 184?
8
Calculate the highest common factor of 4 and 714268.
4
Calculate the highest common divisor of 14688 and 26352.
432
Calculate the greatest common divisor of 2260714 and 1206.
134
Calculate the highest common factor of 2916 and 156.
12
What is the greatest common factor of 6957 and 3114?
9
Calculate the greatest common divisor of 39941 and 121.
11
What is the greatest common factor of 9423015 and 7?
7
Calculate the greatest common factor of 255 and 65365.
85
What is the greatest common factor of 168 and 94836?
84
What is the highest common divisor of 45056 and 37888?
1024
What is the highest common divisor of 202048 and 7084?
308
What is the highest common divisor of 191965 and 5?
5
What is the highest common divisor of 6522 and 3441442?
2174
Calculate the highest common divisor of 5824 and 1472.
64
What is the greatest common divisor of 198 and 160182?
198
Calculate the highest common factor of 848 and 3286.
106
What is the greatest common factor of 430305 and 45?
15
Calculate the greatest common divisor of 11292 and 24.
12
What is the highest common factor of 17356 and 20?
4
What is the greatest common divisor of 1900 and 125?
25
Calculate the highest common factor of 6665 and 387.
43
Calculate the highest common factor of 9380 and 2240.
140
What is the greatest common divisor of 6875937 and 9?
9
Calculate the greatest common divisor of 3171 and 42.
21
Calculate the highest common factor of 350 and 20590.
10
Calculate the greatest common divisor of 28785 and 45315.
285
Calculate the highest common factor of 6678 and 1872.
18
What is the greatest common factor of 153972 and 28?
28
Calculate the greatest common divisor of 107361 and 1185.
237
What is the greatest common divisor of 2278 and 306?
34
What is the highest common divisor of 49806 and 774?
18
What is the highest common divisor of 705 and 70970?
235
Calculate the highest common factor of 576 and 38400.
192
Calculate the highest common divisor of 330 and 363330.
330
Calculate the greatest common factor of 154 and 203378.
14
What is the greatest common factor of 398130 and 15?
15
What is the greatest common divisor of 51 and 1681793?
17
Calculate the highest common factor of 702 and 154206.
234
Calculate the highest common divisor of 495050 and 250.
50
What is the highest common factor of 563230 and 120?
10
What is the highest common factor of 55722 and 60?
6
Calculate the greatest common factor of 17690 and 580.
290
What is the highest common divisor of 24673 and 99?
11
What is the greatest common factor of 4268446 and 658?
658
What is the greatest common factor of 5616 and 21816?
216
What is the greatest common divisor of 10897 and 1241?
17
Calculate the greatest common divisor of 990 and 8734.
22
What is the highest common factor of 13122 and 5562?
54
What is the highest common factor of 15929 and 234250?
937
What is the highest common divisor of 738 and 62648?
82
What is the greatest common factor of 2336 and 4768?
32
What is the greatest common factor of 879 and 2478487?
293
Calculate the greatest common factor of 1630605 and 15.
15
What is the highest common divisor of 48 and 3786?
6
What is the greatest common divisor of 7290 and 4?
2
What is the greatest common factor of 4369 and 17?
17
Calculate the highest common factor of 5968620 and 5040.
1260
Calculate the highest common divisor of 1782 and 4224.
66
Calculate the highest common factor of 640 and 3290.
10
What is the greatest common factor of 41650 and 8670?
170
What is the highest common factor of 227404 and 8896?
556
What is the highest common divisor of 26364 and 468?
156
What is the greatest common factor of 104 and 536029?
13
Calculate the greatest common factor of 11322 and 5202.
306
Calculate the highest common factor of 158535 and 18135.
585
What is the highest common divisor of 98 and 14938?
14
Calculate the greatest common divisor of 625 and 9338125.
625
What is the highest common factor of 81753 and 55647?
687
Calculate the greatest common divisor of 10 and 11605.
5
Calculate the highest common divisor of 276 and 14283.
69
Calculate the highest common factor of 421575 and 8085.
1155
Calculate the greatest common factor of 933 and 140261.
311
Calculate the highest common factor of 786 and 106503.
393
Calculate the greatest common divisor of 56013 and 3.
3
What is the highest common divisor of 181892 and 740?
148
Calculate the highest common divisor of 60 and 3385.
5
Calculate the greatest common divisor of 2096 and 2797112.
1048
What is the greatest common divisor of 928 and 15078608?
464
Calculate the greatest common factor of 10 and 5665.
5
Calculate the highest common divisor of 207 and 4149.
9
What is the highest common divisor of 64951 and 1?
1
Calculate the highest common factor of 968 and 14432.
88
What is the greatest common factor of 29646 and 488?
122
What is the highest common divisor of 55 and 258313?
11
Calculate the greatest common divisor of 1841 and 526.
263
What is the highest common factor of 85 and 4205120?
85
What is the greatest common factor of 682 and 392491?
341
What is the greatest common divisor of 345 and 59570?
115
What is the highest common factor of 1771791 and 147?
147
Calculate the highest common factor of 283727 and 38.
19
What is the greatest common factor of 19712 and 20713?
77
What is the highest common factor of 163829 and 51?
17
What is the highest common factor of 41 and 4775065?
41
What is the highest common factor of 1416 and 8616?
24
What is the greatest common factor of 334225 and 1595?
145
Calculate the greatest common factor of 96 and 6936.
24
Calculate the greatest common divisor of 337215 and 15.
15
What is the greatest common divisor of 17853 and 1133?
11
What is the greatest common factor of 5 and 2291?
1
What is the greatest common factor of 72 and 33432?
24
Calculate the greatest common divisor of 51300 and 912.
228
Calculate the greatest common divisor of 15024 and 132.
12
What is the highest common factor of 132 and 761178?
66
What is the greatest common divisor of 8362 and 2442?
74
What is the greatest common divisor of 1526 and 154?
14
What is the greatest common factor of 76 and 248748?
76
What is the greatest common divisor of 462 and 1314348?
42
What is the highest common divisor of 48 and 981?
3
What is the highest common factor of 12460 and 2240?
140
Calculate the greatest common divisor of 791 and 752919.
113
Calculate the greatest common factor of 2460 and 144.
12
Calculate the highest common factor of 1431 and 3699.
27
Calculate the greatest common factor of 43860 and 680.
340
What is the greatest common divisor of 83 and 10703929?
83
What is the greatest common factor of 5 and 944635?
5
Calculate the highest common factor of 72 and 84504.
24
What is the highest common factor of 11591 and 113431?
67
Calculate the highest common factor of 30 and 32055.
15
Calculate the greatest common factor of 2832 and 198.
6
Calculate the greatest common divisor of 2081040 and 290.
290
Calculate the greatest common factor of 352 and 506.
22
Calculate the greatest common factor of 1534 and 11882.
26
What is the highest common factor of 569 and 12?
1
What is the highest common divisor of 2275676 and 1963